{"id":888,"date":"2022-04-01T10:18:41","date_gmt":"2022-04-01T10:18:41","guid":{"rendered":"https:\/\/42ria.itq.webs.upv.es\/como-llegar-a-la-upv\/"},"modified":"2022-06-17T10:46:35","modified_gmt":"2022-06-17T10:46:35","slug":"como-chegar-ao-upv","status":"publish","type":"page","link":"https:\/\/42ria.itq.webs.upv.es\/pt-pt\/como-chegar-ao-upv\/","title":{"rendered":"COMO CHEGAR AO UPV"},"content":{"rendered":"<div id='full_slider_1'  class='avia-fullwidth-slider main_color avia-shadow   avia-builder-el-0  el_before_av_section  avia-builder-el-first   container_wrap fullsize'  ><div   data-size='featured'  data-lightbox_size='large'  data-animation='slide'  data-conditional_play=''  data-ids='1160'  data-video_counter='0'  data-autoplay='true'  data-bg_slider='false'  data-slide_height=''  data-handle='av_slideshow_full'  data-interval='10'  data-class=' '  data-el_id=''  data-css_id=''  data-scroll_down=''  data-control_layout='av-control-hidden'  data-custom_markup=''  data-perma_caption='aviaTBperma_caption'  data-autoplay_stopper=''  data-image_attachment=''  data-min_height='0px'  data-lazy_loading='disabled'  data-src=''  data-position='top left'  data-repeat='no-repeat'  data-attach='scroll'  data-stretch=''  data-img_scrset=''  data-default-height='28.666666666667'  class='avia-slideshow avia-slideshow-1  av-control-hidden av-default-height-applied avia-slideshow-featured av_slideshow_full   avia-slide-slider '  itemprop=\"image\" itemscope=\"itemscope\" itemtype=\"https:\/\/schema.org\/ImageObject\" ><ul class='avia-slideshow-inner ' style='padding-bottom: 28.666666666667%;' ><li  class=' av-single-slide slide-1 ' ><div data-rel='slideshow-1' class='avia-slide-wrap '   ><img decoding=\"async\" class=\"wp-image-1162 avia-img-lazy-loading-not-1162\"  src=\"https:\/\/42ria.itq.webs.upv.es\/wp-content\/uploads\/2022\/04\/BANNERIN-1500x430.jpg\" width=\"1500\" height=\"430\" title='BANNERIN' alt=''  itemprop=\"thumbnailUrl\" srcset=\"https:\/\/42ria.itq.webs.upv.es\/wp-content\/uploads\/2022\/04\/BANNERIN.jpg 1500w, https:\/\/42ria.itq.webs.upv.es\/wp-content\/uploads\/2022\/04\/BANNERIN-300x86.jpg 300w, https:\/\/42ria.itq.webs.upv.es\/wp-content\/uploads\/2022\/04\/BANNERIN-1030x295.jpg 1030w, https:\/\/42ria.itq.webs.upv.es\/wp-content\/uploads\/2022\/04\/BANNERIN-768x220.jpg 768w, https:\/\/42ria.itq.webs.upv.es\/wp-content\/uploads\/2022\/04\/BANNERIN-705x202.jpg 705w\" sizes=\"(max-width: 1500px) 100vw, 1500px\" \/><\/div><\/li><\/ul><div class = \"caption_fullwidth av-slideshow-caption caption_left\"><div class = \"container caption_container\"><div class = \"slideshow_caption\"><div class = \"slideshow_inner_caption\"><div class = \"slideshow_align_caption\"><h2  style='font-size:70px; ' class='avia-caption-title  '  itemprop=\"name\" >42 RIA<\/h2><div class='avia-caption-content  av_inherit_color'  itemprop=\"description\"   style='font-size:20px; '><p>Encontro Ib\u00e9rico de Adsor\u00e7\u00e3o<br \/>\n13 a 16 de setembro de 2022<\/p>\n<\/div><\/div><\/div><\/div><\/div><\/div><\/div><\/div>\n<div id='av_section_1'  class='avia-section av-av_section-2dcb3d115e2e5af9a73072e0505910f8 main_color avia-section-default avia-no-border-styling  avia-builder-el-1  el_after_av_slideshow_full  avia-builder-el-last  avia-bg-style-scroll container_wrap fullsize'  ><div class='container av-section-cont-open' ><div class='template-page content  av-content-full alpha units'><div class='post-entry post-entry-type-page post-entry-888'><div class='entry-content-wrapper clearfix'>\n<div class='flex_column av-av_one_full-a93934ecd89fbb8a9566d39e89cd3725 av_one_full  avia-builder-el-2  el_before_av_one_half  avia-builder-el-first  first flex_column_div '   ><p>\n<style type=\"text\/css\" data-created_by=\"avia_inline_auto\" id=\"style-css-av-av_image-e5b8094feb8aff1d46b419e998f3cd90\">\n.avia-image-container.av-av_image-e5b8094feb8aff1d46b419e998f3cd90 .av-image-caption-overlay-center{\ncolor:#ffffff;\n}\n<\/style>\n<div  class='avia-image-container av-av_image-e5b8094feb8aff1d46b419e998f3cd90 av-styling- avia-align-center  avia-builder-el-3  el_before_av_hr  avia-builder-el-first '  itemprop=\"image\" itemscope=\"itemscope\" itemtype=\"https:\/\/schema.org\/ImageObject\" ><div class=\"avia-image-container-inner\"><div class=\"avia-image-overlay-wrap\"><img decoding=\"async\" class='wp-image-714 avia-img-lazy-loading-not-714 avia_image' src=\"https:\/\/42ria.itq.webs.upv.es\/wp-content\/uploads\/2022\/04\/27042ea8-c43c-4fdb-a04d-f86b7995ab7c_21-9-aspect-ratio_default_0.jpeg\" alt='' title='27042ea8-c43c-4fdb-a04d-f86b7995ab7c_21-9-aspect-ratio_default_0'  height=\"548\" width=\"1280\"  itemprop=\"thumbnailUrl\" srcset=\"https:\/\/42ria.itq.webs.upv.es\/wp-content\/uploads\/2022\/04\/27042ea8-c43c-4fdb-a04d-f86b7995ab7c_21-9-aspect-ratio_default_0.jpeg 1280w, https:\/\/42ria.itq.webs.upv.es\/wp-content\/uploads\/2022\/04\/27042ea8-c43c-4fdb-a04d-f86b7995ab7c_21-9-aspect-ratio_default_0-300x128.jpeg 300w, https:\/\/42ria.itq.webs.upv.es\/wp-content\/uploads\/2022\/04\/27042ea8-c43c-4fdb-a04d-f86b7995ab7c_21-9-aspect-ratio_default_0-1030x441.jpeg 1030w, https:\/\/42ria.itq.webs.upv.es\/wp-content\/uploads\/2022\/04\/27042ea8-c43c-4fdb-a04d-f86b7995ab7c_21-9-aspect-ratio_default_0-768x329.jpeg 768w, https:\/\/42ria.itq.webs.upv.es\/wp-content\/uploads\/2022\/04\/27042ea8-c43c-4fdb-a04d-f86b7995ab7c_21-9-aspect-ratio_default_0-705x302.jpeg 705w\" sizes=\"(max-width: 1280px) 100vw, 1280px\" \/><\/div><\/div><\/div><br \/>\n<div  class='hr av-av_hr-91d7ccd583a503147498e120fee2ff9b hr-default  avia-builder-el-4  el_after_av_image  el_before_av_textblock '><span class='hr-inner '><span class=\"hr-inner-style\"><\/span><\/span><\/div><br \/>\n<section  class='av_textblock_section av-l1qc05qu-31d1cdd32a9ed3b0f12fa14447dfc28e'  itemscope=\"itemscope\" itemtype=\"https:\/\/schema.org\/CreativeWork\" ><div class='avia_textblock'  itemprop=\"text\" ><p align=\"justify\">A Universidade Polit\u00e9cnica de Val\u00eancia (nome oficial: Universitat Polit\u00e8cnica de Val\u00e8ncia) ou UPV \u00e9 uma universidade p\u00fablica espanhola com sede em Val\u00eancia. A UPV est\u00e1 organizada em nove escolas t\u00e9cnicas superiores, duas faculdades e duas escolas superiores polit\u00e9cnicas, que s\u00e3o respons\u00e1veis \u200b\u200bpela organiza\u00e7\u00e3o do ensino de 39 graus, e tem 42 departamentos e 41 centros e institutos de investiga\u00e7\u00e3o.<\/p>\n<\/div><\/section><br \/>\n<div  class='hr av-av_hr-91d7ccd583a503147498e120fee2ff9b hr-default  avia-builder-el-6  el_after_av_textblock  avia-builder-el-last '><span class='hr-inner '><span class=\"hr-inner-style\"><\/span><\/span><\/div><\/p><\/div><div class='flex_column av-av_one_half-a93934ecd89fbb8a9566d39e89cd3725 av_one_half  avia-builder-el-7  el_after_av_one_full  el_before_av_one_half  first flex_column_div column-top-margin'   ><style type=\"text\/css\" data-created_by=\"avia_inline_auto\" id=\"style-css-av-l1w1xnbw-060428e5ccea1e10c00d9b07860e941d\">\n.avia-image-container.av-l1w1xnbw-060428e5ccea1e10c00d9b07860e941d .av-image-caption-overlay-center{\ncolor:#ffffff;\n}\n<\/style>\n<div  class='avia-image-container av-l1w1xnbw-060428e5ccea1e10c00d9b07860e941d av-styling- avia-align-center  avia-builder-el-8  avia-builder-el-no-sibling '  itemprop=\"image\" itemscope=\"itemscope\" itemtype=\"https:\/\/schema.org\/ImageObject\" ><div class=\"avia-image-container-inner\"><div class=\"avia-image-overlay-wrap\"><a href=\"https:\/\/www.google.es\/maps\/place\/UPV+-+Escuela+T%C3%A9cnica+Superior+de+Ingenier%C3%ADa+Agron%C3%B3mica+y+del+Medio+Natural+ETSIAMN\/@39.48346,-0.3463801,17z\/data=!3m1!4b1!4m5!3m4!1s0x40705fb447ca947f:0x51e06c3b9849ee4!8m2!3d39.4834559!4d-0.3441861?hl=es\" class='avia_image' target=\"_blank\" rel=\"noopener noreferrer\"><img decoding=\"async\" width=\"495\" height=\"400\" class='wp-image-716 avia-img-lazy-loading-not-716 avia_image' src=\"https:\/\/42ria.itq.webs.upv.es\/wp-content\/uploads\/2022\/04\/UPVmapa-495x400.jpg\" alt='' title='UPVmapa'  itemprop=\"thumbnailUrl\" srcset=\"https:\/\/42ria.itq.webs.upv.es\/wp-content\/uploads\/2022\/04\/UPVmapa-495x400.jpg 495w, https:\/\/42ria.itq.webs.upv.es\/wp-content\/uploads\/2022\/04\/UPVmapa-300x243.jpg 300w, https:\/\/42ria.itq.webs.upv.es\/wp-content\/uploads\/2022\/04\/UPVmapa-768x622.jpg 768w, https:\/\/42ria.itq.webs.upv.es\/wp-content\/uploads\/2022\/04\/UPVmapa.jpg 845w, https:\/\/42ria.itq.webs.upv.es\/wp-content\/uploads\/2022\/04\/UPVmapa-705x571.jpg 705w\" sizes=\"(max-width: 495px) 100vw, 495px\" \/><\/a><\/div><\/div><\/div><\/div><div class='flex_column av-av_one_half-d06667205e6186ec8414c6eb7605d406 av_one_half  avia-builder-el-9  el_after_av_one_half  avia-builder-el-last  flex_column_div column-top-margin'   ><section  class='av_textblock_section av-l1qc1rr8-2dab29c7462181a8185bc23f6d0604e2'  itemscope=\"itemscope\" itemtype=\"https:\/\/schema.org\/CreativeWork\" ><div class='avia_textblock'  itemprop=\"text\" ><h4><strong>Como chegar ao campus de UPV (Val\u00eancia) de trem<\/strong><\/h4>\n<p>Val\u00eancia tem duas esta\u00e7\u00f5es ferrovi\u00e1rias, pr\u00f3ximas uma da outra, para dois tipos de viagens: a esta\u00e7\u00e3o Joaqu\u00edn Sorolla e a esta\u00e7\u00e3o Norte. A esta\u00e7\u00e3o Joaqu\u00edn Sorolla \u00e9 para as seguintes rotas de longa dist\u00e2ncia: Madrid, Barcelona, \u200b\u200b\u200b\u200bAlicante, Castell\u00f3n e Albacete. A Esta\u00e7\u00e3o Norte atende as outras rotas de longa dist\u00e2ncia, m\u00e9dia dist\u00e2ncia e suburbanas. O trajeto entre as duas esta\u00e7\u00f5es pode ser feito a p\u00e9 em 10 minutos ou em \u00f4nibus exclusivo da Renfe, que \u00e9 gratuito mediante apresenta\u00e7\u00e3o do ticket do trem. Ambas as esta\u00e7\u00f5es est\u00e3o localizadas no centro da cidade.<\/p>\n<h4 align=\"justify\"><strong>Links:<\/strong><\/h4>\n<ul>\n<li><a title=\"Renfe \" href=\"http:\/\/www.renfe.es\/\" target=\"_blank\" rel=\"noopener\">Renfe \u00a0<\/a><\/li>\n<li><a title=\"Taxi\" href=\"http:\/\/www.upv.es\/otros\/como-llegar-upv\/campus-vera\/taxi-es.html\">Taxi \u00a0<\/a><\/li>\n<li><a title=\"Autob\u00fas urbano\" href=\"http:\/\/www.upv.es\/otros\/como-llegar-upv\/campus-vera\/bus-urbano-es.html\">Autob\u00fas urbano \u00a0<\/a><\/li>\n<li class=\"sin-linea\"><a title=\"Plano de la UPV con las paradas de la EMT\" href=\"http:\/\/www.upv.es\/plano\/plano-2d-es.html\" target=\"_blank\" rel=\"noopener\">Plano de la UPV con las paradas de la EMT <\/a><\/li>\n<li class=\"sin-linea\"><a title=\"Empresa Municipal de Transportes (EMT)\" href=\"http:\/\/www.emtvalencia.es\/geoportal\/\" target=\"_blank\" rel=\"noopener\">Empresa Municipal de Transportes (EMT)\u00a0<\/a><\/li>\n<li><a title=\"Metro\" href=\"http:\/\/www.upv.es\/otros\/como-llegar-upv\/campus-vera\/metro-es.html\">Metro<\/a><\/li>\n<\/ul>\n<p align=\"justify\">\n<\/div><\/section><br \/>\n<section  class='av_textblock_section av-l1qc43o6-2f0d7f94aac8ce974688c6cd52feb90b'  itemscope=\"itemscope\" itemtype=\"https:\/\/schema.org\/CreativeWork\" ><div class='avia_textblock'  itemprop=\"text\" ><h4>Como chegar de avi\u00e3o<\/h4>\n<p><a href=\"https:\/\/www.aena.es\/es\/valencia.html\">AENA Aeroporto de Val\u00eancia<\/a><\/p>\n<h4 class=\"titularpag\">Outros links de interesse:<\/h4>\n<p><a href=\"http:\/\/www.upv.es\/plano\/plano-2d-es.html\" target=\"_blank\" rel=\"noopener\">Plano interactivo de la UPV<\/a><\/p>\n<p><a href=\"http:\/\/www.upv.es\/entidades\/ACOM\/infoweb\/ai\/U0701392.pdf\" target=\"_blank\" rel=\"noopener\">Plano imprimible<\/a><\/p>\n<p><a href=\"https:\/\/geoportal.valencia.es\/portal\/apps\/webappviewer\/index.html?id=2c55ba55d71146a4bb911cbc9e28dbb2&amp;mobileBreakPoint=300\" target=\"_blank\" rel=\"noopener\">Callejero Valencia<\/a><\/p>\n<p><a href=\"http:\/\/www.upv.es\/otros\/como-llegar-upv\/campus-vera\/index-es.html\" target=\"_blank\" rel=\"noopener\">Mais informa\u00e7\u00f5es sobre acesso e como chegar neste link<\/a><\/p>\n<\/div><\/section><\/p><\/div>\n","protected":false},"excerpt":{"rendered":"","protected":false},"author":2,"featured_media":0,"parent":0,"menu_order":0,"comment_status":"closed","ping_status":"closed","template":"","meta":{"footnotes":""},"class_list":["post-888","page","type-page","status-publish","hentry"],"_links":{"self":[{"href":"https:\/\/42ria.itq.webs.upv.es\/pt-pt\/wp-json\/wp\/v2\/pages\/888","targetHints":{"allow":["GET"]}}],"collection":[{"href":"https:\/\/42ria.itq.webs.upv.es\/pt-pt\/wp-json\/wp\/v2\/pages"}],"about":[{"href":"https:\/\/42ria.itq.webs.upv.es\/pt-pt\/wp-json\/wp\/v2\/types\/page"}],"author":[{"embeddable":true,"href":"https:\/\/42ria.itq.webs.upv.es\/pt-pt\/wp-json\/wp\/v2\/users\/2"}],"replies":[{"embeddable":true,"href":"https:\/\/42ria.itq.webs.upv.es\/pt-pt\/wp-json\/wp\/v2\/comments?post=888"}],"version-history":[{"count":17,"href":"https:\/\/42ria.itq.webs.upv.es\/pt-pt\/wp-json\/wp\/v2\/pages\/888\/revisions"}],"predecessor-version":[{"id":1564,"href":"https:\/\/42ria.itq.webs.upv.es\/pt-pt\/wp-json\/wp\/v2\/pages\/888\/revisions\/1564"}],"wp:attachment":[{"href":"https:\/\/42ria.itq.webs.upv.es\/pt-pt\/wp-json\/wp\/v2\/media?parent=888"}],"curies":[{"name":"wp","href":"https:\/\/api.w.org\/{rel}","templated":true}]}}

<div id='full_slider_1'  class='avia-fullwidth-slider main_color avia-shadow   avia-builder-el-0  el_before_av_section  avia-builder-el-first   container_wrap fullsize'  ><div   data-size='featured'  data-lightbox_size='large'  data-animation='slide'  data-conditional_play=''  data-ids='1160'  data-video_counter='0'  data-autoplay='true'  data-bg_slider='false'  data-slide_height=''  data-handle='av_slideshow_full'  data-interval='10'  data-class=' '  data-el_id=''  data-css_id=''  data-scroll_down=''  data-control_layout='av-control-hidden'  data-custom_markup=''  data-perma_caption='aviaTBperma_caption'  data-autoplay_stopper=''  data-image_attachment=''  data-min_height='0px'  data-lazy_loading='disabled'  data-src=''  data-position='top left'  data-repeat='no-repeat'  data-attach='scroll'  data-stretch=''  data-img_scrset=''  data-default-height='28.666666666667'  class='avia-slideshow avia-slideshow-1  av-control-hidden av-default-height-applied avia-slideshow-featured av_slideshow_full   avia-slide-slider '  itemprop="image" itemscope="itemscope" itemtype="https://schema.org/ImageObject" ><ul class='avia-slideshow-inner ' style='padding-bottom: 28.666666666667%;' ><li  class=' av-single-slide slide-1 ' ><div data-rel='slideshow-1' class='avia-slide-wrap '   ><img decoding="async" class="wp-image-1162 avia-img-lazy-loading-not-1162"  src="https://42ria.itq.webs.upv.es/wp-content/uploads/2022/04/BANNERIN-1500x430.jpg" width="1500" height="430" title='BANNERIN' alt=''  itemprop="thumbnailUrl" srcset="https://42ria.itq.webs.upv.es/wp-content/uploads/2022/04/BANNERIN.jpg 1500w, https://42ria.itq.webs.upv.es/wp-content/uploads/2022/04/BANNERIN-300x86.jpg 300w, https://42ria.itq.webs.upv.es/wp-content/uploads/2022/04/BANNERIN-1030x295.jpg 1030w, https://42ria.itq.webs.upv.es/wp-content/uploads/2022/04/BANNERIN-768x220.jpg 768w, https://42ria.itq.webs.upv.es/wp-content/uploads/2022/04/BANNERIN-705x202.jpg 705w" sizes="(max-width: 1500px) 100vw, 1500px" /></div></li></ul><div class = "caption_fullwidth av-slideshow-caption caption_left"><div class = "container caption_container"><div class = "slideshow_caption"><div class = "slideshow_inner_caption"><div class = "slideshow_align_caption"><h2  style='font-size:70px; ' class='avia-caption-title  '  itemprop="name" >42 RIA</h2><div class='avia-caption-content  av_inherit_color'  itemprop="description"   style='font-size:20px; '><p>Encontro Ibérico de Adsorção<br />
13 a 16 de setembro de 2022</p>
</div></div></div></div></div></div></div></div>
<div id='av_section_1'  class='avia-section av-av_section-2dcb3d115e2e5af9a73072e0505910f8 main_color avia-section-default avia-no-border-styling  avia-builder-el-1  el_after_av_slideshow_full  avia-builder-el-last  avia-bg-style-scroll container_wrap fullsize'  ><div class='container av-section-cont-open' ><div class='template-page content  av-content-full alpha units'><div class='post-entry post-entry-type-page post-entry-888'><div class='entry-content-wrapper clearfix'>
<div class='flex_column av-av_one_full-a93934ecd89fbb8a9566d39e89cd3725 av_one_full  avia-builder-el-2  el_before_av_one_half  avia-builder-el-first  first flex_column_div '   ><p>
<style type="text/css" data-created_by="avia_inline_auto" id="style-css-av-av_image-e5b8094feb8aff1d46b419e998f3cd90">
.avia-image-container.av-av_image-e5b8094feb8aff1d46b419e998f3cd90 .av-image-caption-overlay-center{
color:#ffffff;
}
</style>
<div  class='avia-image-container av-av_image-e5b8094feb8aff1d46b419e998f3cd90 av-styling- avia-align-center  avia-builder-el-3  el_before_av_hr  avia-builder-el-first '  itemprop="image" itemscope="itemscope" itemtype="https://schema.org/ImageObject" ><div class="avia-image-container-inner"><div class="avia-image-overlay-wrap"><img decoding="async" class='wp-image-714 avia-img-lazy-loading-not-714 avia_image' src="https://42ria.itq.webs.upv.es/wp-content/uploads/2022/04/27042ea8-c43c-4fdb-a04d-f86b7995ab7c_21-9-aspect-ratio_default_0.jpeg" alt='' title='27042ea8-c43c-4fdb-a04d-f86b7995ab7c_21-9-aspect-ratio_default_0'  height="548" width="1280"  itemprop="thumbnailUrl" srcset="https://42ria.itq.webs.upv.es/wp-content/uploads/2022/04/27042ea8-c43c-4fdb-a04d-f86b7995ab7c_21-9-aspect-ratio_default_0.jpeg 1280w, https://42ria.itq.webs.upv.es/wp-content/uploads/2022/04/27042ea8-c43c-4fdb-a04d-f86b7995ab7c_21-9-aspect-ratio_default_0-300x128.jpeg 300w, https://42ria.itq.webs.upv.es/wp-content/uploads/2022/04/27042ea8-c43c-4fdb-a04d-f86b7995ab7c_21-9-aspect-ratio_default_0-1030x441.jpeg 1030w, https://42ria.itq.webs.upv.es/wp-content/uploads/2022/04/27042ea8-c43c-4fdb-a04d-f86b7995ab7c_21-9-aspect-ratio_default_0-768x329.jpeg 768w, https://42ria.itq.webs.upv.es/wp-content/uploads/2022/04/27042ea8-c43c-4fdb-a04d-f86b7995ab7c_21-9-aspect-ratio_default_0-705x302.jpeg 705w" sizes="(max-width: 1280px) 100vw, 1280px" /></div></div></div><br />
<div  class='hr av-av_hr-91d7ccd583a503147498e120fee2ff9b hr-default  avia-builder-el-4  el_after_av_image  el_before_av_textblock '><span class='hr-inner '><span class="hr-inner-style"></span></span></div><br />
<section  class='av_textblock_section av-l1qc05qu-31d1cdd32a9ed3b0f12fa14447dfc28e'  itemscope="itemscope" itemtype="https://schema.org/CreativeWork" ><div class='avia_textblock'  itemprop="text" ><p align="justify">A Universidade Politécnica de Valência (nome oficial: Universitat Politècnica de València) ou UPV é uma universidade pública espanhola com sede em Valência. A UPV está organizada em nove escolas técnicas superiores, duas faculdades e duas escolas superiores politécnicas, que são responsáveis ​​pela organização do ensino de 39 graus, e tem 42 departamentos e 41 centros e institutos de investigação.</p>
</div></section><br />
<div  class='hr av-av_hr-91d7ccd583a503147498e120fee2ff9b hr-default  avia-builder-el-6  el_after_av_textblock  avia-builder-el-last '><span class='hr-inner '><span class="hr-inner-style"></span></span></div></p></div><div class='flex_column av-av_one_half-a93934ecd89fbb8a9566d39e89cd3725 av_one_half  avia-builder-el-7  el_after_av_one_full  el_before_av_one_half  first flex_column_div column-top-margin'   ><style type="text/css" data-created_by="avia_inline_auto" id="style-css-av-l1w1xnbw-060428e5ccea1e10c00d9b07860e941d">
.avia-image-container.av-l1w1xnbw-060428e5ccea1e10c00d9b07860e941d .av-image-caption-overlay-center{
color:#ffffff;
}
</style>
<div  class='avia-image-container av-l1w1xnbw-060428e5ccea1e10c00d9b07860e941d av-styling- avia-align-center  avia-builder-el-8  avia-builder-el-no-sibling '  itemprop="image" itemscope="itemscope" itemtype="https://schema.org/ImageObject" ><div class="avia-image-container-inner"><div class="avia-image-overlay-wrap"><a href="https://www.google.es/maps/place/UPV+-+Escuela+T%C3%A9cnica+Superior+de+Ingenier%C3%ADa+Agron%C3%B3mica+y+del+Medio+Natural+ETSIAMN/@39.48346,-0.3463801,17z/data=!3m1!4b1!4m5!3m4!1s0x40705fb447ca947f:0x51e06c3b9849ee4!8m2!3d39.4834559!4d-0.3441861?hl=es" class='avia_image' target="_blank" rel="noopener noreferrer"><img decoding="async" width="495" height="400" class='wp-image-716 avia-img-lazy-loading-not-716 avia_image' src="https://42ria.itq.webs.upv.es/wp-content/uploads/2022/04/UPVmapa-495x400.jpg" alt='' title='UPVmapa'  itemprop="thumbnailUrl" srcset="https://42ria.itq.webs.upv.es/wp-content/uploads/2022/04/UPVmapa-495x400.jpg 495w, https://42ria.itq.webs.upv.es/wp-content/uploads/2022/04/UPVmapa-300x243.jpg 300w, https://42ria.itq.webs.upv.es/wp-content/uploads/2022/04/UPVmapa-768x622.jpg 768w, https://42ria.itq.webs.upv.es/wp-content/uploads/2022/04/UPVmapa.jpg 845w, https://42ria.itq.webs.upv.es/wp-content/uploads/2022/04/UPVmapa-705x571.jpg 705w" sizes="(max-width: 495px) 100vw, 495px" /></a></div></div></div></div><div class='flex_column av-av_one_half-d06667205e6186ec8414c6eb7605d406 av_one_half  avia-builder-el-9  el_after_av_one_half  avia-builder-el-last  flex_column_div column-top-margin'   ><section  class='av_textblock_section av-l1qc1rr8-2dab29c7462181a8185bc23f6d0604e2'  itemscope="itemscope" itemtype="https://schema.org/CreativeWork" ><div class='avia_textblock'  itemprop="text" ><h4><strong>Como chegar ao campus de UPV (Valência) de trem</strong></h4>
<p>Valência tem duas estações ferroviárias, próximas uma da outra, para dois tipos de viagens: a estação Joaquín Sorolla e a estação Norte. A estação Joaquín Sorolla é para as seguintes rotas de longa distância: Madrid, Barcelona, ​​​​Alicante, Castellón e Albacete. A Estação Norte atende as outras rotas de longa distância, média distância e suburbanas. O trajeto entre as duas estações pode ser feito a pé em 10 minutos ou em ônibus exclusivo da Renfe, que é gratuito mediante apresentação do ticket do trem. Ambas as estações estão localizadas no centro da cidade.</p>
<h4 align="justify"><strong>Links:</strong></h4>
<ul>
<li><a title="Renfe " href="http://www.renfe.es/" target="_blank" rel="noopener">Renfe  </a></li>
<li><a title="Taxi" href="http://www.upv.es/otros/como-llegar-upv/campus-vera/taxi-es.html">Taxi  </a></li>
<li><a title="Autobús urbano" href="http://www.upv.es/otros/como-llegar-upv/campus-vera/bus-urbano-es.html">Autobús urbano  </a></li>
<li class="sin-linea"><a title="Plano de la UPV con las paradas de la EMT" href="http://www.upv.es/plano/plano-2d-es.html" target="_blank" rel="noopener">Plano de la UPV con las paradas de la EMT </a></li>
<li class="sin-linea"><a title="Empresa Municipal de Transportes (EMT)" href="http://www.emtvalencia.es/geoportal/" target="_blank" rel="noopener">Empresa Municipal de Transportes (EMT) </a></li>
<li><a title="Metro" href="http://www.upv.es/otros/como-llegar-upv/campus-vera/metro-es.html">Metro</a></li>
</ul>
<p align="justify">
</div></section><br />
<section  class='av_textblock_section av-l1qc43o6-2f0d7f94aac8ce974688c6cd52feb90b'  itemscope="itemscope" itemtype="https://schema.org/CreativeWork" ><div class='avia_textblock'  itemprop="text" ><h4>Como chegar de avião</h4>
<p><a href="https://www.aena.es/es/valencia.html">AENA Aeroporto de Valência</a></p>
<h4 class="titularpag">Outros links de interesse:</h4>
<p><a href="http://www.upv.es/plano/plano-2d-es.html" target="_blank" rel="noopener">Plano interactivo de la UPV</a></p>
<p><a href="http://www.upv.es/entidades/ACOM/infoweb/ai/U0701392.pdf" target="_blank" rel="noopener">Plano imprimible</a></p>
<p><a href="https://geoportal.valencia.es/portal/apps/webappviewer/index.html?id=2c55ba55d71146a4bb911cbc9e28dbb2&amp;mobileBreakPoint=300" target="_blank" rel="noopener">Callejero Valencia</a></p>
<p><a href="http://www.upv.es/otros/como-llegar-upv/campus-vera/index-es.html" target="_blank" rel="noopener">Mais informações sobre acesso e como chegar neste link</a></p>
</div></section></p></div>
